 = -296. Let x = 235 - c. List the prime factors of x.
2, 73
Suppose 0 = -7*y + 1629 + 10796. Let b = y + -519. What are the prime factors of b?
2, 157
Let g = 7353 + 9221. What are the prime factors of g?
2, 8287
Let l(t) = -712*t + 574. What are the prime factors of l(-42)?
2, 7, 311
What are the prime factors of (-27868*11/198)/(((-40)/36)/5)?
6967
Let t = 546 - -274. Let q = -272 + t. List the prime factors of q.
2, 137
Let h(x) = 3*x**2 - 19*x - 2. Suppose 0 = n - 1 - 19. Suppose -52 - n = -9*o. List the prime factors of h(o).
2, 19
Let s(p) = 53*p**2 + 26*p - 632. What are the prime factors of s(29)?
5, 7, 1277
Suppose 5*s + 5*m = 104535, m = 4*s - 52691 - 30962. List the prime factors of s.
2, 1307
Let o(p) = 17*p + 0 + 7 - 6*p. Let t be o(-3). List the prime factors of (-2)/(-3) + t/(-6).
5
Let f(b) = -21809*b + 414. What are the prime factors of f(-1)?
71, 313
Let p be (-210564)/28 - 8/(-56). List the prime factors of (p/(-48) + (3 - 0))*3.
479
Let o(s) = s**2 - 11*s - 19. Let l be o(11). Let b = l + 21. Let q(h) = 42*h - 8. What are the prime factors of q(b)?
2, 19
Let v be -4 - (-5)/(6 + -1). Let q be 2/2*((-18)/v - 1). Suppose 7*k - q*k = 236. List the prime factors of k.
2, 59
Suppose 5650 = 3*a + 2*a + 4*k, 10 = -2*k. Suppose 0 = 4*c - 2*t - a, 2*c = -4*t + 152 + 440. What are the prime factors of c?
2, 11, 13
Suppose -4*g + 20542 = -3*l - 2140, -4*g = 4*l - 22696. What are the prime factors of g?
2, 709
Let c = 9959 + -5607. List the prime factors of c.
2, 17
Suppose 2 = 2*j, -1842 = -2*l - j + 531. Suppose -y = -l + 117. List the prime factors of y.
1069
Let x = 64 - 61. Suppose 31 = -0*z + x*z - 5*s, -5*z + 45 = -5*s. Suppose 18*k - 715 = z*k. What are the prime factors of k?
5, 13
Suppose -8*d - 2010 = -13*d. Suppose -21*f - d = -27*f. Suppose 0 = 4*w - 581 - f. List the prime factors of w.
2, 3
Let x(c) = c**3 - 18*c**2 + 34*c - 27. Let p be x(16). Suppose -o - 2*r = -261, -5*o + p*r = -10*o + 1305. What are the prime factors of o?
3, 29
Let i be 7/(3/((-3)/(-1))). Suppose -i*o - 2*o = -7479. List the prime factors of o.
3, 277
Let t(r) = 97*r + 455. Let v be t(-4). Let u(k) = -12*k + 2. Let f be u(-2). Let o = v + f. What are the prime factors of o?
3, 31
Let g(i) = -10*i**2 + 36. Let c be g(-9). Let k = 1865 + c. List the prime factors of k.
1091
Let o(y) = -y**3 - 31*y**2 - 31*y - 145. List the prime factors of o(-35).
2, 5, 73
Suppose 10*s = 8*s + d + 741, 0 = 3*s - 5*d - 1129. Suppose -3*b = 2*z - 1204, 0 = z + 2*b - s - 235. List the prime factors of z.
599
Let b(n) = n**2 + 10*n + 18. Let t be (2 - 7) + (-6)/4*2. Let g be b(t). Suppose 2*a + u - g*u - 22 = 0, -5*a + 4*u = -58. List the prime factors of a.
2, 5
Suppose 0*d + 4*d = -3*c + 8827, d + 8837 = 3*c. What are the prime factors of c?
5, 19, 31
Let s(d) = 9 - 111*d + 233*d + 28*d**2 - 112*d. What are the prime factors of s(-5)?
659
Suppose 252 = 2*c + 2*c. Suppose 79 = 5*a + 19. Let t = a + c. List the prime factors of t.
3, 5
Let y be 4/3*(56 - 11). What are the prime factors of 38988/y + (-2)/(-10)?
2, 5, 13
Suppose 86*w - 92*w + 168 = 0. List the prime factors of (w - 2)/(1/14).
2, 7, 13
Suppose 3*n = 3*a + 528, 4*a - 5*n + 706 = -0*n. Let k = 93 + a. Let g = 209 + k. List the prime factors of g.
2
Suppose 28*u = 18*u + 110. Suppose u + 5 = -4*o, 0 = 2*c + o - 380. What are the prime factors of c?
2, 3
Suppose -5*q + 9*q = -104. Let r = q - -26. Suppose 3*m - 217 - 107 = r. List the prime factors of m.
2, 3
Let a(t) be the third derivative of -1/60*t**5 + 0*t + 0 - 5/8*t**4 - 13/6*t**3 + 16*t**2. List the prime factors of a(-10).
37
Suppose 3*r = i + 16, -3*i = 2*i + 3*r - 10. Let q be 0 + (-2 - i) - (-182 + -9). Suppose 26 = p - 5*c - q, -2*p + 5*c = -437. What are the prime factors of p?
13, 17
Let k(i) = 68*i**2 + 4*i - 349. What are the prime factors of k(-24)?
38723
Suppose -500*b = -563*b + 4127823. What are the prime factors of b?
65521
Let o = -683 - -1310. Let w = -343 + o. Suppose 3*s - 2*a = w, 4*s - 150 = -5*a + 198. List the prime factors of s.
2, 23
Suppose 20495 + 19665 = 5*x. Suppose -x = -95*r + 87*r. List the prime factors of r.
2, 251
Let d(b) = -b**3 + 15*b**2 - b - 45. Suppose -3*s - 40 = -5*c, 59*c + 24 = 62*c - 4*s. What are the prime factors of d(c)?
5, 79
Let t = 1841 - -502. Suppose -t = -r - 736. List the prime factors of r.
1607
Let a = -12311 - -18355. What are the prime factors of a?
2, 1511
Let s(x) = -3*x**3 + 239*x**2 + 133*x + 676. List the prime factors of s(78).
2, 5, 11, 13, 29
Let d be (-1 + -3)*2*(-3676)/(-32). Let p = d - -559. Let i = p + 593. List the prime factors of i.
233
Suppose -1380660 = 794*r - 422*r - 402*r. What are the prime factors of r?
2, 23011
Let t(z) = 845*z - 7. Let y(u) = u**2 + 19*u - 41. Let o be y(2). List the prime factors of t(o).
2, 419
Let y = 189 + -205. Let j = 88 + y. What are the prime factors of j?
2, 3
Let h be 651084/(-184)*(-8)/3. Suppose 0 = -6*w + h - 2098. What are the prime factors of w?
1223
Suppose l + 3 = 0, -2*l - 17 = -4*p + 1. Suppose 4*v = 4*x, p*v - 5*x - 4 = -0*v. What are the prime factors of (-8)/(-10)*(-95)/v?
2, 19
Let x be (4/6 + 4/(-12))*87. Let q = 33 - x. Suppose -2*h - q*s = -342 + 130, -5*h = 2*s - 538. What are the prime factors of h?
2, 3
Let x be 10/(-25) + (-23)/5. Suppose -9276 - 11108 = 49*r. List the prime factors of (6 + r/(-10))/((-1)/x).
2, 7, 17
Suppose -2*k + k + 2 = -3*a, -3*a = -2*k + 4. What are the prime factors of 123/k*(-10)/(-3)?
5, 41
Suppose -4*h + 260144 = -5*p, 5*h + 11*p - 10*p - 325238 = 0. What are the prime factors of h?
2, 3, 37, 293
Suppose -34*i = -40*i + 5838. What are the prime factors of i?
7, 139
Suppose 4*m = 94 + 90. Suppose 2054 = 4*a - 4*w - m, -3*w = -5*a + 2623. List the prime factors of a.
2, 131
What are the prime factors of (-680154)/(-24) + (-9)/12*1?
17, 1667
List the prime factors of (113/791)/((-2)/96)*-483.
2, 3, 23
Suppose 512457 = 99*c - 16*c - 1545279. List the prime factors of c.
2, 3, 1033
Let w(g) = -g**3 - 21*g**2 + g + 24. Let t be w(-21). Suppose -5*x = -t*i + 1711, -12*x + 2276 = 4*i - 16*x. What are the prime factors of i?
3, 7
Let v = -522 - -458. What are the prime factors of (v/(-6))/(4/222)?
2, 37
Let j be 8838/14 + 6/(-21). Suppose -2*p + 1328 = 4*l + 66, -p + j = l. What are the prime factors of p?
631
What are the prime factors of 15 - (10 + -6459) - 12?
2, 1613
Suppose -15*a = 87 + 3. Let r be 3/a*(0 + 0)/2. Suppose 4*w - 2*x - 1026 = r, 8*w - x = 4*w + 1029. What are the prime factors of w?
2, 3, 43
Let u(n) = n**2 + 5*n - 85. Let f be u(-13). Suppose -947 = -5*h + f*q - 15*q, 5*q - 10 = 0. What are the prime factors of h?
191
Let z be ((-5970)/(-27))/5*9. Let t = 1368 - z. What are the prime factors of t?
2, 5, 97
Suppose -3*m = k - 15, -3*m = -0*m - 2*k - 15. Let o = m + 403. List the prime factors of 1/(-1 + o/404).
101
Let b be (-2)/(-5) + 350/(-250). Let c(i) = -331*i + 38. What are the prime factors of c(b)?
3, 41
Let u be 2/6 - 42/(-9). Suppose -149 = -20*g + 11. Suppose -u*l + g*l = 147. List the prime factors of l.
7
Let b(z) = -4*z**3 + 13*z**2 + 72*z - 2. What are the prime factors of b(-11)?
17, 359
Let w = -41 - -46. Suppose 0 = -w*g + 3*g + 1264. Suppose x = -3*u + g, -4*u - 7*x + 4*x = -846. What are the prime factors of u?
2, 3, 5, 7
Let b(s) = -13*s. Suppose 2*d = r + 7*d + 25, -3*r - 7 = -2*d. What are the prime factors of b(r)?
5, 13
Suppose 2*u = 6*u - 18084. Suppose u = 12*h - h. List the prime factors of h/5 + 9/(-45).
2, 41
Let g(y) = 1308*y**3 - 6*y**2 + 4*y + 24. List the prime factors of g(2).
2, 7, 11, 17
Let u be (-5)/((-45)/(-81)) - -327. Let w be -2 - (1 + 178 + -2). Let n = w + u. What are the prime factors of n?
139
Let v = -943 + 1780. Suppose 312 = -7*q + v. What are the prime factors of q?
3, 5
Let a(f) = f + 33. Let g be a(-15). Suppose 0 = g*n - 24*n + 12. What are the prime factors of 304/(-24)*(n - 25/2)?
7, 19
Let x(i) = i**3 + 10*i**2 + 14*i - 11. Let k be x(-8). Suppose -f = -0*z + 3*z - 20, -2*f = -k*z - 62. What are the prime factors of f?
2, 13
Suppose 2*i + 1786 = 14*r - 12*r, -3*i + 897 = r. List the prime factors of r.
2, 3, 149
Let l be ((-1)/(-2))/1 - 364839/(-62). What are the prime factors of l/10 - -6 - 6/4?
593
Let t be 9/5 + (-2)/(-10). 